 be l(w). What is the greatest common factor of t and 11?
11
Let k(c) = -2*c**2 - 17*c + 30. Let z be k(-4). Let a = 3 + z. What is the highest common divisor of 1104 and a?
69
Suppose -q + 45 = 2*d, 3*d - 131 = -5*q + 73. Suppose 5*j - 5 = 2*o + 9, 0 = -o + 3*j - 11. What is the highest common divisor of q and o?
13
Let h be (-2299)/(-152) - 3/(-2 + 26). Let z be 1/(-3*(-1)/117). Let a = -19 + z. Calculate the highest common factor of a and h.
5
Suppose s = -5*n + 31498, 40*n - 12628 = 38*n - 4*s. What is the greatest common factor of 141 and n?
47
Let s(w) be the second derivative of -11*w**3/6 - 53*w**2/2 - 2*w + 37. Let p be s(-13). What is the greatest common divisor of p and 15?
15
Suppose -18*j = -o - 13*j + 8291, 0 = -5*j - 10. Calculate the greatest common factor of 91 and o.
91
Let x(w) = 30*w**3 - 2*w**2 - 25*w + 50. Let k be x(2). Let b(l) = l**3 - 18*l**2 - 15*l + 11. Let r be b(19). Calculate the highest common divisor of r and k.
29
Let s(l) = l**3 - 19*l**2 - 36*l - 35. Let z be s(21). Calculate the greatest common factor of z and 273.
91
Let f be 13 - (-11 + 0 + 11)*2/(-2). What is the highest common divisor of 559 and f?
13
Let q = 528 + -526. Suppose f = -5*u + 2*f - 4, -f - 6 = 5*u. Let d be 1 + (q - (-2 - u)). Calculate the greatest common divisor of d and 1.
1
Suppose -2*b = 0, 7*a - 3*b - 40 = 2*a. Let v(w) = 4*w**2 + 12*w - 4. Let f be v(a). What is the highest common divisor of 12 and f?
12
Let v = 16 - 13. Suppose 0 = -m + v*c + 22, 4*m - 128 = -m - 3*c. Suppose 9*f = 342 - 117. Calculate the greatest common divisor of f and m.
25
Suppose 4*y - y + 950 = 13*y. What is the highest common divisor of y and 10?
5
Let j be -5*1/(-15)*6. Let h(c) = 29*c + 18*c**2 - 10*c**2 - 9*c**j - 28. Let o be h(23). Calculate the greatest common divisor of 22 and o.
22
Let l be 0/(-1) + (-19308)/(-8)*(-18)/(-3). What is the highest common divisor of l and 9?
9
Let r(i) = 6*i**2 - 4*i + 8. Let q be r(-6). Let u(x) = -2*x + 49. Let c = 136 + -127. Let d be u(c). Calculate the greatest common divisor of q and d.
31
Suppose 0 = -7*l - 98 + 154. Suppose w - l*w = -266. What is the highest common factor of w and 2?
2
Let h = 105 + -174. Let t = 72 + h. Suppose -t*m + 8 = -40. What is the highest common divisor of m and 4?
4
Let q be -2 + 3 + 2 + 2. Let w be 2 - (-96)/q - 6/30. Suppose 0 = 24*x - w*x - 24. Calculate the greatest common divisor of x and 24.
8
Let o(f) = -37*f + 302. Let x(l) = l**3 + 7*l**2 + 7*l + 14. Let h be x(-6). Let b be o(h). What is the greatest common factor of 402 and b?
6
Suppose -5*t + 79 + 216 = 0. Suppose 57*a = t*a - 56. What is the greatest common factor of 126 and a?
14
Let z = 23776 - 10633. What is the highest common divisor of 39 and z?
39
Let l = -3473 + 4067. What is the greatest common divisor of l and 66?
66
Suppose 121*z - 148214 = 767740 + 760864. What is the highest common divisor of z and 164?
82
Let c = -561 + 715. Let r = c + -150. Let w be (-3)/(-1 + (-14)/(-20)). Calculate the greatest common divisor of w and r.
2
Let a(x) = -53480 + 53437 + 5*x + 48*x. Let s be a(9). Calculate the greatest common divisor of s and 31.
31
Suppose i - 6 = 18. Suppose -3831*n + 852 = -3830*n + 4*y, -4*n + 2*y = -3408. What is the highest common factor of n and i?
12
Suppose -3*y - 2420 = -11*l, -4*y - 11 = 4*l - 891. Let k(v) = 12*v - 2. Let n be k(2). What is the highest common divisor of n and l?
22
Let s be -1 - (132/(-4) - -5). Let t be (-3 - (-111)/s)*45. What is the highest common divisor of t and 40?
10
Suppose -120*k + 115*k = -1460. Calculate the highest common factor of k and 365.
73
Let a be 3/5 - (-7770)/175. Let l be 23/4 + (-9)/12. Let u be (-6)/l*15/(-2). Calculate the highest common factor of a and u.
9
Suppose 5*a + 6*k - 2*k - 470 = 0, 4*k - 20 = 0. Let l be 7 + -3 - (0 + 4/(-1)). Suppose -l*d + 4*d = -72. What is the highest common divisor of d and a?
18
Let a be (-8*(-18405)/60)/(-1 + (-7)/(-4)). What is the highest common divisor of a and 8?
8
Suppose -532*d = -552*d + 2080. Calculate the greatest common factor of d and 676.
52
Let k = 38614 - 37078. What is the highest common divisor of 80 and k?
16
Let y(q) = -3*q**2 + 58*q + 9. Let u be y(8). Suppose n + 94 - u = 0. What is the highest common factor of n and 34?
17
Suppose -10001*f + 10000*f = -1364. Calculate the greatest common divisor of f and 1705.
341
Let s = 40 + -23. Let z = -288 - -287. Let c be (z/(2/5))/(9/(-306)). What is the greatest common factor of s and c?
17
Let h = -65 - -71. Calculate the highest common factor of h and 363.
3
Let b = 18971 - 6333. Calculate the highest common factor of 178 and b.
178
Suppose w - s - 2 = 0, 3*w - s + 5 = 3. Let h be w*1/5 + (-8547)/(-105). Let t = h - 1. Calculate the greatest common factor of t and 5.
5
Let n be (-5 - (-222)/8) + (39/12 - 2). Calculate the greatest common divisor of 15000 and n.
24
Let l = -4253 + 4505. Calculate the highest common factor of l and 9.
9
Let l be (0 - -1)*-1 + 156. Let c(h) = h**3 - 2*h**2 + 9*h - 6. Let g be c(4). What is the greatest common divisor of l and g?
31
Suppose 3*r = 4*r - 216. Let q be 32/(-3)*(6 + 4 - 1376/128). Calculate the highest common divisor of q and r.
8
Suppose -66 = 5*q + 3*s - 996, 0 = -4*s - 20. What is the greatest common factor of q and 594?
27
Let j = 10158 + -8787. Calculate the greatest common factor of 6 and j.
3
Suppose -5*i = 4*t - 417, 2*i = -4*t + 8*t + 178. Let f = i + -80. What is the greatest common divisor of 45 and f?
5
Let m = 7198 - 5920. Calculate the highest common divisor of 126 and m.
18
Suppose -3*v + 15 = 0, 2*d + 67 = -2*v - 107. Suppose -m - i + 136 = -3*m, 74 = -m + 2*i. Let p = m - d. Calculate the highest common factor of 104 and p.
26
Let w(h) = 816*h + 827. Let c be w(-1). Suppose y + 4*z = -0*y + 40, 2*y = 3*z + 91. Calculate the greatest common divisor of c and y.
11
Let x be 4*((-54)/8)/(-1). Let q(l) = -l**3 + 42*l**2 + 136*l - 9. Let p be q(45). Calculate the greatest common divisor of x and p.
9
Suppose -5*c - 13 + 38 = 0. Suppose 4*i = 4*s - 484 + 48, -418 = -4*s - c*i. Suppose 5*w + 22 - s = 0. Calculate the greatest common divisor of 119 and w.
17
Let c = -1842 + 1843. What is the greatest common divisor of c and 512?
1
Let a be 1025/45 - 2/(-9). Let v = a - 12. Let r(k) = k**2 + 35*k - 79. Let h be r(-40). What is the greatest common factor of v and h?
11
Let v(o) = -3*o**3 + 7*o - 1. Let s be v(-2). Calculate the highest common divisor of 1308 and s.
3
Suppose 3*j - 2*j = 12*j. Let m(r) = -5 + 25*r + j - 14 - 17*r. Let w be m(3). Calculate the highest common factor of w and 40.
5
Suppose 0 = 2*f - 54 + 20. Suppose -7 + f = 2*i. Calculate the highest common divisor of i and 1.
1
Let t = -1085 + 4145. Calculate the greatest common divisor of 540 and t.
180
Let r be ((-112)/(-12))/((-18)/(-27)). Suppose -3*n = k - r, 3*k + 1 - 13 = -4*n. Calculate the highest common factor of 66 and n.
6
Let b(v) = -v**3 + 29*v**2 + 64*v - 47. Let i be b(31). Let l = 87 + -52. Calculate the greatest common divisor of l and i.
5
Let v be 4727/7 - (-4)/(-14). Let u = -114799 + 114826. What is the highest common divisor of v and u?
27
Let k(u) = -u**2 + 15*u - 25. Suppose -67 = -2*l - 57. Let c be k(l). What is the highest common factor of c and 275?
25
Let o(u) be the third derivative of 23*u**5/60 + u**4/24 + u**3/6 - 242*u**2. Let v = 0 + 1. Let d be o(v). Calculate the highest common factor of d and 15.
5
Suppose 2*z = 11847*n - 11843*n - 11378, -4*z + 4 = 0. Calculate the highest common factor of n and 60.
5
Let v = 3433 + -2408. What is the greatest common divisor of 175 and v?
25
Let g(h) = h**3 - 18*h**2 + 42*h - 40. Let m be g(16). Let n be m*(6 - 85/15). What is the highest common factor of 60 and n?
20
Suppose 4*q = -q + 4*v + 3516, 4*v = -q + 732. What is the greatest common factor of q and 4484?
236
Let l(s) = -s**3 + 15*s**2 - 24*s - 18. Let r be (9 - -3) + -1 + 3 + -4. Let g be l(r). Calculate the highest common divisor of g and 44.
22
Suppose -135 = -12*g + 201. Suppose -28 = -2*h - 2*h. What is the greatest common factor of h and g?
7
Let x = 107 + -102. Suppose x*u - 56 = 9. Calculate the greatest common divisor of u and 143.
13
Let o = -28765 + 28782. Let c be (-4)/18 + 13162/18. Calculate the